at is the units digit of s?
1
Let k(r) = -r**2 + 8*r + 2. What is the units digit of k(8)?
2
Let n = 39 + -17. What is the tens digit of n?
2
Let l = 2 - 0. Suppose -3*i = u - 12, 0 = u + l*i - 4*i + 3. What is the units digit of u*(-6)/9*-4?
8
What is the units digit of (-30)/20*(-2)/3?
1
Suppose 2*d = 2*f + 14, -2*f + 6 = -3*d + 6*d. Suppose 0 = -2*q + 5*v - 30, 2*v + 3*v = -d*q - 60. Let i = q - -23. What is the units digit of i?
8
What is the units digit of (-3)/(-6)*2 + 0?
1
Suppose 4*y - 7*y = 48. Let q = 25 + y. What is the units digit of q?
9
Suppose -5*n + 4*n + 3 = 0. Let w(q) = 2*q**3 - q**2 - 2*q**2 - q**3 + 3. What is the units digit of w(n)?
3
Let k = -3 + 6. Let o = 6 - k. Suppose o*g = 2 + 1. What is the units digit of g?
1
Let i be 3*((-20)/(-6) + -4). Let c = 0 + -3. What is the units digit of -6*i/(-9)*c?
4
Let o(n) = -2*n**2 - 2*n**2 + 11*n**2 - 4 - n**3 + 7*n. What is the units digit of o(7)?
5
Suppose y - 3 = -0*y. Suppose 0*m + 5*d - 10 = -m, -y*d + 3 = 0. What is the units digit of m?
5
Suppose 13*a - 2750 = 2*a. What is the tens digit of a?
5
Let o(x) = 5*x + 6. What is the tens digit of o(4)?
2
Let d = 20 + -14. What is the units digit of d?
6
Let p be ((-20)/25)/((-4)/10). What is the units digit of (2 + 1 + -2)*p?
2
What is the units digit of (-8)/(-20) - (-566)/10?
7
Suppose 8*a - 1138 - 166 = 0. What is the hundreds digit of a?
1
Let y(d) = 5*d**2 + 3*d + 2. Let k = 0 + -3. Let r be y(k). Suppose -3*c + r = 14. What is the units digit of c?
8
Suppose 15 = 4*p + 7. Let t be (-1)/(1/(-2 + -1)). Let i = t - p. What is the units digit of i?
1
Suppose -4 = 2*y + 8. Let h = -5 - y. What is the units digit of h?
1
What is the hundreds digit of (-4444)/(-28) - 3*(-2)/21?
1
Let c = -193 + 272. What is the tens digit of c?
7
Let a(z) = -z**2 - 3*z - 2. Let s be a(-4). Let x = s + 10. Suppose 2*w = x*o - 22, 5*o - w + 3 = 26. What is the units digit of o?
4
Suppose 0*r = 3*r - 6. What is the units digit of -7*(-5)/2*r?
5
Suppose 0 = -4*z + 4*h - 732, -4*z - 3*h - 905 = -180. What is the tens digit of (z/21)/(1/(-3))?
2
Let a(t) = t**3 - 2*t**2 + 2. Let l be a(2). Suppose y + 15 = i - 1, -l*i - 5*y + 32 = 0. What is the units digit of i?
6
Let v = -1 + 3. Suppose -c - 14 = -v*c. What is the units digit of c?
4
Let b be 1/((-1)/(-10)) - 2. Let s(r) = -r**3 + 9*r**2 - 7*r - 6. Let y be s(b). What is the units digit of ((-2)/(-3))/(y/3)?
1
What is the tens digit of ((-69)/12)/((-4)/16)?
2
Suppose -3*v + 6 = -4*f, -f + 3*f - 6 = -3*v. Let l be (3/(-6) - -1)*f. Suppose l = c - 5*c + 36. What is the units digit of c?
9
Suppose -3*j - 3 = 3*c, 3 = c - 2*j - 2. Let k be (c + -1)/((-10)/5). Suppose -3*v - 9 + 30 = -3*y, -3*v - 3*y + 21 = k. What is the units digit of v?
7
Let c(b) = 2*b - 5. Let y be c(5). Suppose 0 = y*o - 3*d - 6, 0*d + 12 = o + 3*d. What is the units digit of o?
3
Let i = -35 - -28. Let s(u) = -u**3 - 7*u**2 - 8*u - 7. What is the tens digit of s(i)?
4
Let a = -28 + 15. Let l = a + 21. What is the units digit of l?
8
Let s = -22 + 7. Let c be (-6)/(-15) - (-1688)/(-20). What is the units digit of c/s + 4/10?
6
Suppose -3*w = -3*r - 21, -3*r - 6 = 3*w + 3. Let d(b) = b**2 - 1. Let m be d(w). Suppose -2*l = 1 - m. What is the units digit of l?
1
Suppose -15*s = -10*s - 1030. What is the units digit of s?
6
Let w = 144 - 4. What is the tens digit of w?
4
Suppose 5*v - 2*z + 20 = 0, -2*v + 1 + 0 = z. Let i = v - 2. Let f = 10 - i. What is the tens digit of f?
1
Let m be (-2 + 3)/((-3)/6). What is the units digit of -5*(m - (-6)/(-15))?
2
Let t(d) = -d**2 + 4*d + 2. Let z be t(4). Suppose -w - z*w = 15. Let u = -3 - w. What is the units digit of u?
2
Let m(x) = x**3 - 4*x**2 + 4*x - 1. Let h be m(3). Let d(k) = -6*k + 2*k**2 + 0*k**2 + 0*k + h - 5. What is the tens digit of d(5)?
1
Suppose -w = -3*k - 0 + 9, 4*w + 4 = 4*k. What is the units digit of w/(-18)*4*-6?
4
Suppose 0 = -4*s + 84 - 332. What is the tens digit of s/(-4) + 2/4?
1
Suppose -2*z + 58 = 2*i + 2*z, -20 = -4*z. Let q = 23 + i. What is the units digit of q?
2
Let v be -18 + (1 - (3 + 0)). Let l = -17 - v. What is the units digit of l?
3
Suppose -5*d = 4*p + 1 + 9, 4*p + 3*d + 6 = 0. Suppose -y - 5 = 3*s, -s + 3*s - y + 10 = p. What is the units digit of 1 - (6/1)/s?
3
Suppose 2 + 3 = -g. Let a(x) = x + 8. What is the units digit of a(g)?
3
Suppose -2*j = -2*q + 42, 4*q + 6*j - 2*j = 76. Let p = q - -21. Suppose 4*b - r = 2*r + p, 0 = b + 2*r - 2. What is the units digit of b?
8
Let q(f) = f + 4. Let l be q(9). Let p = l - 6. What is the units digit of p?
7
Let l(v) = v**2 - 2*v - 3. Let k be l(3). Suppose -4*b = 4, 4*d + k*b = -3*b + 29. What is the units digit of d?
8
Let m(o) be the third derivative of o**4/6 - 4*o**2. What is the units digit of m(5)?
0
Let y = 2 + 2. Let m = -32 - y. Let s = -20 - m. What is the units digit of s?
6
Let z(b) = 20*b + 4. Let w be z(-3). Let y = 18 - w. What is the tens digit of (-1)/(-2) + y/4?
1
Suppose -5*s - 4*d + 19 = 0, s = 3*s + d - 7. What is the units digit of (-1 + -2)/(-3) + s?
4
What is the units digit of 40 - 4 - (-3 - -2)?
7
Let s(w) = -3*w + 11. What is the tens digit of s(-5)?
2
What is the tens digit of (-3)/(-2 + (-39)/(-21))?
2
Suppose 33 = 3*d - 3*p, 4*d - d - 2*p - 38 = 0. What is the units digit of d?
6
Suppose 5*z + 4*f + 0 = 14, -2*f = -5*z + 8. Suppose -z*m + 91 = 39. What is the units digit of m?
6
Let k be 8 - (3 - (2 + -1)). What is the tens digit of (-18)/k - (-1 - 22)?
2
Suppose 525 = z + 4*z. What is the units digit of z?
5
Let p = -1 + 5. Suppose -p*w + 12 = 3*q, -4*q = -5*w - 0*q + 46. Suppose -h + w + 2 = 0. What is the units digit of h?
8
Let q be (-4 - 0 - -4)/(-2). Suppose -4*v = -h - 35, -v - 4*h + 2 = -2*h. Suppose q*y - y = -v. What is the units digit of y?
8
Let x = 18 - -6. Let j be 0 + 1 + (-2 - -3). Suppose -v - 5*m = x, -j*v - v - 2*m = 7. What is the units digit of v?
1
Let s(n) = n**2 + n - 2. Let f be s(-2). Suppose -5*o + 2*o = -2*d + 6, 3*o - 5*d - 3 = 0. What is the units digit of o/(-2)*5 - f?
0
Let n(i) = -i + 3*i - 3*i + 2. Let j be n(-5). What is the units digit of (-2*1)/((-2)/j)?
7
Suppose 0 = -2*l - b + 38, -2*l + 33 = -3*b + 3. What is the units digit of (3 - 1)*l/4?
9
Suppose 2*c + 0*c - 4*h = 4, -4*c + 38 = 2*h. Let k = 10 - c. What is the units digit of k?
2
Let d = 36 + -16. What is the tens digit of d?
2
Let q(v) = 3*v**2 - 3. What is the units digit of q(4)?
5
Suppose -4*h = 3*f - 38, -4*f + 24 = 2*h - 0. Suppose 3*q - h*q + 150 = 0. What is the units digit of q?
0
Suppose c = 2 + 14. Suppose 0 = -4*g + 5*g - c. What is the units digit of g?
6
Let w = 1 - -1. Let u be 1/(-2) + (-2)/(-4). Let m = w + u. What is the units digit of m?
2
Suppose 6*h - 4*h + 5*t - 225 = 0, -5*h + 585 = 5*t. What is the tens digit of h?
2
Let k(g) = g**3 - 5*g**2 + 2*g - 3. Let m be k(6). Let w = m - 6. What is the tens digit of w?
3
Let k(v) be the first derivative of 3*v**2 - 2 - v - v - 3. What is the tens digit of k(4)?
2
Suppose -x + 8 = 3*x. Suppose -l = x*l - 120. Suppose -4*i - i = -l. What is the units digit of i?
8
Let u(h) = h**2 + 5*h + 2. Let x be u(-5). Let s be 2 - 0*x/4. Suppose 2 + s = a. What is the units digit of a?
4
Suppose 4*s - 251 = 2*w - 41, 3*s - 138 = -5*w. What is the units digit of s?
1
Let s = 6 - 4. Suppose -3*i + s*i = -20. What is the tens digit of i?
2
What is the units digit of -23*(-3 + -3)/2?
9
What is the units digit of 1/(1 + 150/(-152))?
6
Suppose 3*r + 9 + 12 = 0. Let o = r + 19. Suppose x = -0*x + o. What is the units digit of x?
2
Let f(p) = 12*p**2 - 6. What is the hundreds digit of f(-4)?
1
Suppose 780 = 2*u - 3*b + 37, -u = -3*b - 370. What is the hundreds digit of u?
3
What is the tens digit of 4*(1 + (-115)/(-10))?
5
Suppose 10 + 20 = 5*p. Suppose 3*v = p*v. Suppose 4*y = -z + 24, v*z + 4*z - 2*y = 24. What is the units digit of z?
8
Suppose 4*s = 251 - 55. What is the units digit of s?
9
Let j(q) = -24*q + 4. What is the tens digit of j(-3)?
7
Suppose -2*x + 522 = 7*q - 2*q, 5*x - 3*q - 1336 = 0. What is the hundreds digit of x?
2
Let h(k) = 3*k - 5. Let b(u) = u**3 + 6*u**2 - 7*u + 4. Let i be b(-7). Let j be h(i). What is the units digit of 2/j + 19/7?
3
Let v = 451 + -275. What is the hundreds digit of v?
1
Let d be (-2)/(-4